e (-9)/p - 1/2. Let b(r) = -r**3 + 8*r**2 + 6*r - 3. Let h(v) = -v**2 - v + 1. Let x(t) = l*b(t) + 5*h(t). Determine x(3).
5
Suppose 2*k + 3*k - 30 = 0. Let n = -14 - -10. Let j(g) = -3*g + 3. Let w(o) = -o + 1. Let h(p) = n*w(p) + j(p). Give h(k).
5
Let u(v) = -2*v + 2. Let y = 26 - 15. Suppose 5*w - q = -20, 2*w = 2*q - q - y. What is u(w)?
8
Let d be -3*(-2 - 8/(-3)). Let h(o) be the second derivative of o**4/12 - o**3/6 + o**2/2 + 5*o. Calculate h(d).
7
Let k(a) = -3*a**2 + 26*a + 1. Let u(l) = -l**2 + 9*l. Let q(f) = 3*k(f) - 8*u(f). Let s = -3 + 4. Let o(t) = 6*t - 1. Let h be o(s). Give q(h).
8
Suppose -6*k + 4*k = 2. Let s(v) = -v. Let w(d) = 2*d - 1. Let x(o) = k*w(o) - 3*s(o). Determine x(1).
2
Let v(a) = -a**3 - 9*a**2 - 8*a + 6. Suppose q + 4 = -h, 2*h = -0*q + 2*q - 24. Calculate v(h).
6
Let i(y) = y + 6. Let x = 152 + -164. Give i(x).
-6
Let w(x) = x - 1. Let c(h) = 6*h - 2. Let r(u) = -c(u) + 3*w(u). What is r(-2)?
5
Let q(r) be the first derivative of -r**4/4 + r**2/2 - r - 5. Let i(v) = -v. Let x be i(-1). Determine q(x).
-1
Let m(f) = -f**2 + f + 1. Let z(n) = 7*n**2 - 10*n - 5. Let v be 9/15 + 27/5. Let r(x) = v*m(x) + z(x). Determine r(5).
6
Let k(i) = -i + 4. Let y(t) = t**3 - 8*t**2 + 8*t - 4. Let h be y(7). Suppose -17 - 1 = -h*r. Determine k(r).
-2
Let l(i) be the third derivative of i**6/120 + i**5/15 + i**4/12 - i**3/6 + 26*i**2. Give l(-3).
2
Suppose 0 = 2*a - a + 3. Let g(n) = n**3 + 2*n**2 - 2*n - 1. Calculate g(a).
-4
Let y(f) = f - 2. Let o be y(-2). Let z = o + 10. Let d(a) = -a**3 + a**2 + a. Let g(l) = 3*l**3 + 3*l**2 - 8*l - 7. Let p(r) = -4*d(r) - g(r). Determine p(z).
-5
Suppose -z = 2*z - 18. Let c(f) = -6*f**3 - 5*f**2 - z*f + 5 + 5*f**3 + 2*f**3. Give c(6).
5
Let i(o) = 5*o**3 + 3*o**2 + 4*o - 2. Let g(x) = x**3 - x**2 + x. Let t(k) = -4*g(k) + i(k). Give t(-7).
-2
Let o = -14 + 17. Let t(q) = 4*q + 3. Let g(u) = -5*u - 4. Let w(m) = o*g(m) + 4*t(m). Calculate w(-6).
-6
Let g be -5 + (-5)/((-5)/(-3)). Let b = g + 12. Let v(n) = 1 + 5*n**2 + 0 - n**3 - 3 - 3*n. Determine v(b).
2
Suppose 0 = -3*n - 4*y + 9, -4*n + 2*y = -2*y - 12. Suppose -3 = -2*o - o. Let z(d) = -3 + 3*d + 3*d**2 - 4*d - d**3 + o. What is z(n)?
-5
Let z(v) = v**2 + 5*v - 1. Suppose 5 = 2*f - 1. Suppose f*h = 2*w - 2 - 16, 15 = 5*w. What is z(h)?
-5
Let v(n) be the first derivative of 2*n**2 - 2*n - 4. Suppose 5 - 1 = -2*p. What is v(p)?
-10
Let r(s) = 8*s**2 + s - 1. Let z(w) = w**2 - 3*w - 2. Let p be z(2). Let y be (-1 - 7/(-2))*p. Let g be ((-22)/y + -2)*5. Determine r(g).
8
Let o(a) = -4 + 2 + 2 - a. Determine o(5).
-5
Let x(w) = -w**3 + 7*w**2 - 6*w + 9. Let g = 21 - 13. Let a be 46/g + 9/36. Give x(a).
9
Let l(z) = -z + 2*z**2 - z**2 - 6*z - 5 + 14. Calculate l(6).
3
Let q(b) be the second derivative of -2/3*b**3 - 1/12*b**4 + 0 + b + 3*b**2. What is q(-5)?
1
Let g(z) = z**2 + 3*z - 3. Let s = -6 - -4. Let k(o) = 5*o + 4. Let n(l) = -4*l - 3. Let f(c) = 3*k(c) + 4*n(c). Let x be f(s). Calculate g(x).
7
Suppose 4*r = -r + 15. Let t(j) = -5*j**2 + j**3 + r*j + 1 - 1. Suppose -2*v = -9 + 1. Determine t(v).
-4
Let z(n) = n**2 + 2*n. Suppose -4*v - 4*i = 24, -2*i - i - 8 = -2*v. Give z(v).
0
Let j(c) = -2*c**2 - 1. Let n(v) = 3*v - 1. Let l be n(1). Suppose g - 4*g = 0. Suppose -l*b + g + 4 = 0. Determine j(b).
-9
Let g(t) = 32*t - 11*t - 16*t. Determine g(-2).
-10
Let t be ((-2)/(-4))/((-1)/(-4)). Suppose -2*v + 7 - 3 = 0. Let d(m) = -3*m + 2*m + 1 - v*m + 0. Determine d(t).
-5
Suppose p - q = 2*q - 7, 5*p - 16 = -2*q. Let d(a) = -p*a**3 - a**3 + 1 - 2*a**2 - 3*a**2 + 2*a**3. Determine d(-5).
1
Let f be 4/(-10) + 88/20. Suppose 0 = z - f*z + 3. Let i(w) = 7*w. Calculate i(z).
7
Suppose -3*h + 3*a - 4 = -4*h, -2*h + 8 = a. Suppose 0 = 2*z, 0 = 4*x + 5*z - 0*z + h. Let f be (-2)/5*x*5. Let m(r) = -2*r**2 - r + 2. What is m(f)?
-8
Let n(q) = -3*q - 3 + 3*q + 0 - 3*q**2 - q**3. What is n(-3)?
-3
Let g(s) be the first derivative of -7*s + 15/2*s**2 - 2/3*s**3 - 3. Let f(m) = -m**2 + 8*m - 4. Let x(q) = 5*f(q) - 3*g(q). Determine x(4).
-3
Let f(x) be the third derivative of x**6/120 + x**5/12 + x**4/24 - 2*x**3/3 - 2*x**2. Calculate f(-4).
8
Let q(f) = f. Let d be q(-4). Let y(p) = -7*p - 1. Let l(o) = 6*o + 2. Let k(h) = -3*l(h) - 2*y(h). What is k(d)?
12
Let x(q) = -q**3 + 7*q**2 - 6*q - 5. Suppose 9*g - 22 = 32. Calculate x(g).
-5
Let v(i) be the second derivative of i**4/12 + 3*i**3/2 + 2*i**2 - i. Give v(-6).
-14
Let y(z) = -z**3 + 4*z**2 + 11. Let b(o) = 2*o**3 - 8*o**2 + o - 23. Let n(t) = 4*b(t) + 9*y(t). Give n(5).
2
Let s(d) = -d - 10. Let w(g) = 2*g + 10. Let x(c) = -3*s(c) - 2*w(c). Give x(10).
0
Let q(r) = 3*r - 1 - r - 10 - 4. Let z be q(10). Let m(y) = y**3 - 5*y**2 - y + 5. What is m(z)?
0
Let i(a) be the third derivative of -a**5/60 + a**4/8 + a**3/3 - 9*a**2 - 2*a. Let m = 11 - 7. Determine i(m).
-2
Let v = -60 + 64. Let r(l) = -l**2 + 5*l - 1. Calculate r(v).
3
Let c(n) = 6*n**2 + 4*n + 3. Let d(b) = 2*b**2 + 3*b + 3. Let q(i) = 5*i**2 + 7*i + 7. Let j(a) = -7*d(a) + 3*q(a). Let r(w) = c(w) - 5*j(w). Give r(-4).
3
Let n(u) = u + 1. Let k be (-200)/(-35) + (-2)/(-7). Let z = k + -3. What is n(z)?
4
Let c(v) = -v - 9. Let g(w) = -w**2 - 4*w - 6. Let f be g(-5). Let z = -16 - f. Calculate c(z).
-4
Let n(u) = -u + 3. Let t be n(3). Let b(o) be the second derivative of 1/2*o**2 + 0 + 1/6*o**3 - 1/12*o**4 - o. Give b(t).
1
Suppose 4*h = m + 20, 3*h + 5*m = -0*h + 15. Let c(l) = l**2 - 5*l - 7. What is c(h)?
-7
Let g = -6 - -3. Let l(j) = -j**3 - 3*j**2 - 3*j + 1. What is l(g)?
10
Suppose 3*m + 3*m = 24. Let h(s) = s**3 - 4*s**2 - 4*s - 3. Give h(m).
-19
Let x(v) = -5*v + 7*v**2 + 2*v - v**2 + 4 - 5*v**2. Calculate x(5).
14
Let p(y) = -y**3 + y**2 + 2. Let b be p(0). Let u(s) = 8*s**2 - 8*s - 2*s**b + s**2 + 4 + 2 - s**3. What is u(6)?
-6
Suppose 0 = -3*t - 0*n - 3*n - 15, 0 = -2*n - 6. Let x(l) = -l**3 - l**2 + 2*l - 1. Let k(m) = -m**2. Let j(y) = t*k(y) - x(y). Calculate j(-4).
-7
Suppose 4*b = 5*b. Let h(q) = -q + 2. Let k be h(b). Let y(f) = -4*f**k + 0 + 1 + 10*f**2. Determine y(1).
7
Let f(q) = 3*q + 4 + 8 - 5 + 8*q**2 - 2*q + q**3. Let o be f(-8). Let p(h) be the first derivative of 10*h**3/3 + h**2 + h + 1. Determine p(o).
9
Let b(j) be the first derivative of 7*j - 5/2*j**2 - 1/3*j**3 - 4. Calculate b(-5).
7
Let q(v) = -2*v + 9. Let n(u) = -u + 4. Let k(h) = -13*n(h) + 6*q(h). Let d be k(3). Suppose 0 = 2*g - d*g + 3. Let i(y) = -4*y**2 + y. Calculate i(g).
-3
Let b be 1/(-3) + (-4)/6. Let a(c) = -c**2 - 7*c - 5. Let k(g) = g + 1. Let v(s) = -a(s) - 4*k(s). Give v(b).
-1
Suppose 4*u - l - 1 = -0*l, 2*u + l = 5. Let w(o) = -13*o**3 + 2*o**2 - 2*o + 1. Calculate w(u).
-12
Suppose -a + 0*a + 18 = 5*q, -q = 3*a + 2. Suppose q*k = -k + 10. Let p(w) = -2*w + 2*w + w**k. What is p(1)?
1
Let g(z) = z + 2. Let y = 17 + -18. Let m be -3 + (0 - (0 + y)). Give g(m).
0
Let x(u) = -1 - u**3 + 6*u**2 - 1 + 6. Suppose -3*l = -5*l + 12. What is x(l)?
4
Suppose 0*s + 5*s + 5 = 0. Let b be (-11)/44*4*-2. Let w(v) = -5*v**2 - 3*v**2 + 0*v**b + 3*v**2 - v. Give w(s).
-4
Let n(w) = -w**3 - w**2 + 2*w - 2. Suppose 4*k + 3 = -k - 4*a, -4*k + 4*a = 24. What is n(k)?
10
Let b(g) = g**2 - 4*g - 5. Let y = -18 + 23. Determine b(y).
0
Let v(h) = h**3 + 8*h**2 - 9*h + 3. Let q be v(-9). Let f(n) = -n**3 + 3*n**2 + n. Calculate f(q).
3
Let y(m) = -21*m**2 + 2*m - 1. Let v(z) = z**2 + 2*z - 2. Let p be v(-3). Give y(p).
-20
Let f(n) = -n**2 - 5*n + 7. Let q(v) = 3*v - v - 1 + 2*v. Let o = 1 + -2. Let i be q(o). What is f(i)?
7
Let p(s) = -s + 5. Suppose 2*r - 26 = 5*u, 0 = -5*u - 2*r - 14. Let l(w) = -3*w + 9. Let t(b) = u*l(b) + 7*p(b). Give t(-1).
-6
Let u(s) = 4*s + 8. Let k(y) = 3*y + 7. Let a(p) = -3*k(p) + 2*u(p). Give a(-5).
0
Let f(o) = o + 9. Let s be f(-3). Let n(y) = 2*y - 2. Determine n(s).
10
Suppose -3 = 3*q - 3*y - 0, -2*y - 10 = 4*q. Let j(g) = -2*g + 1. Give j(q).
5
Let y(v) = -7*v**2. Suppose 140 = 4*s - 2*s. Let j be ((-6)/(-10))/(7/s). Let q = -5 + j. Calculate y(q).
-7
Let s be (-6)/(-21) - (-132)/(-21). Let o(p) = -p**2 - 12*p - 4. Let a(w) = w - 1. Let d(q) = -4*a(q) - o(q). Determine d(s).
-4
Let u(n) = 15*n - 7*n - 7*n - 5. Calculate u(4).
-1
Let s(r) be the second derivative of r**4/12 - 4*r**3/3 + 4*r**2 - 31*r. Give s(